{"id":56,"date":"2015-04-27T09:42:22","date_gmt":"2015-04-27T07:42:22","guid":{"rendered":"http:\/\/hans-ueli-vogt.ch\/politik\/?page_id=56"},"modified":"2023-10-27T18:26:09","modified_gmt":"2023-10-27T16:26:09","slug":"positionen-und-werte","status":"publish","type":"page","link":"https:\/\/hansuelivogt.ch\/politik\/positionen-und-werte\/","title":{"rendered":"Themen und Positionen"},"content":{"rendered":"<h2>Werte<\/h2>\n<p>Ich setze mich f\u00fcr die Werte ein, die unser Land stark gemacht haben:<\/p>\n<ul>\n<li>f\u00fcr Freiheit und Eigenverantwortung, denn sie sind die Grundlagen unseres Wirtschaftssystems und Wohlstandes, aber auch des Lebensgl\u00fccks jedes Einzelnen,<\/li>\n<li>f\u00fcr die direkte Demokratie, weil sie garantiert, dass der Staat nie zum Selbstzweck wird, sondern immer nur seinen B\u00fcrgern dient,<\/li>\n<li>f\u00fcr eine souver\u00e4ne, weltoffene Schweiz, die selbstbewusst mit anderen Staaten zusammenarbeitet und dank ihrer Unabh\u00e4ngigkeit und Neutralit\u00e4t geachtet wird,<\/li>\n<li>f\u00fcr den F\u00f6deralismus, weil in \u00fcberschaubaren Verh\u00e4ltnissen Probleme besser gel\u00f6st werden und der Wettbewerb der Systeme, nicht eine allm\u00e4chtige Zentralverwaltung, die beste Ordnung hervorbringt.<\/li>\n<\/ul>\n<h2>Positionen<\/h2>\n<ul>\n<li><a href=\"https:\/\/hansuelivogt.ch\/politik\/wp-content\/uploads\/sites\/2\/2015\/04\/Wirtschaftspolitische-Positionen-HUV.pdf\" target=\"_blank\" rel=\"noopener\">Positionen zu wirtschaftspolitischen Fragen (PDF)<\/a><\/li>\n<li>Profile auf <a href=\"http:\/\/www.vimentis.ch\/hans-ueli_vogt\/\" target=\"_blank\" rel=\"noopener\">vimentis.ch<\/a>, <a href=\"http:\/\/www.smartvote.ch\/11_ch_nr\/portrait\/candidate\/index\/200031495?lang=de_CH\" target=\"_blank\" rel=\"noopener\">smartvote.ch<\/a>, <a href=\"http:\/\/www.kandidatenverzeichnis.ch\/de\/kanton\/zuerich-zh.html?sobi2Task=sobi2Details&amp;catid=23&amp;sobi2Id=368\" target=\"_blank\" rel=\"noopener\">kandidatenverzeichnis.ch<\/a> und <a title=\"wahlen.ch\" href=\"http:\/\/www.wahlen.ch\/new\/index.php?sid=89686a554a3d08d39fe01c93cf777d19&amp;item=.\/person\/detail&amp;person=106027&amp;detail=pp\" target=\"_blank\" rel=\"noopener\">wahlen.ch<\/a><\/li>\n<li>Politisches Profil gem\u00e4ss Smartspider (vimentis und smartvote):<\/li>\n<\/ul>\n\n\t\t<style>\n\t\t\t#gallery-1 {\n\t\t\t\tmargin: auto;\n\t\t\t}\n\t\t\t#gallery-1 .gallery-item {\n\t\t\t\tfloat: left;\n\t\t\t\tmargin-top: 10px;\n\t\t\t\ttext-align: center;\n\t\t\t\twidth: 50%;\n\t\t\t}\n\t\t\t#gallery-1 img {\n\t\t\t\tborder: 2px solid #cfcfcf;\n\t\t\t}\n\t\t\t#gallery-1 .gallery-caption {\n\t\t\t\tmargin-left: 0;\n\t\t\t}\n\t\t\t\/* see gallery_shortcode() in wp-includes\/media.php *\/\n\t\t<\/style>\n\t\t<div id='gallery-1' class='gallery galleryid-56 gallery-columns-2 gallery-size-medium'><dl class='gallery-item'>\n\t\t\t<dt class='gallery-icon landscape'>\n\t\t\t\t<a href='https:\/\/hansuelivogt.ch\/politik\/wp-content\/uploads\/sites\/2\/2015\/04\/vimentis_hans_ueli_vogt.png'><img loading=\"lazy\" decoding=\"async\" width=\"300\" height=\"300\" src=\"https:\/\/hansuelivogt.ch\/politik\/wp-content\/uploads\/sites\/2\/2015\/04\/vimentis_hans_ueli_vogt-300x300.png\" class=\"attachment-medium size-medium\" alt=\"\" srcset=\"https:\/\/hansuelivogt.ch\/politik\/wp-content\/uploads\/sites\/2\/2015\/04\/vimentis_hans_ueli_vogt-300x300.png 300w, https:\/\/hansuelivogt.ch\/politik\/wp-content\/uploads\/sites\/2\/2015\/04\/vimentis_hans_ueli_vogt-150x150.png 150w, https:\/\/hansuelivogt.ch\/politik\/wp-content\/uploads\/sites\/2\/2015\/04\/vimentis_hans_ueli_vogt-1024x1024.png 1024w\" sizes=\"auto, (max-width: 300px) 100vw, 300px\" \/><\/a>\n\t\t\t<\/dt><\/dl><dl class='gallery-item'>\n\t\t\t<dt class='gallery-icon portrait'>\n\t\t\t\t<a href='https:\/\/hansuelivogt.ch\/politik\/wp-content\/uploads\/sites\/2\/2015\/04\/smartspider_hansuelivogt.png'><img loading=\"lazy\" decoding=\"async\" width=\"287\" height=\"300\" src=\"https:\/\/hansuelivogt.ch\/politik\/wp-content\/uploads\/sites\/2\/2015\/04\/smartspider_hansuelivogt-287x300.png\" class=\"attachment-medium size-medium\" alt=\"\" srcset=\"https:\/\/hansuelivogt.ch\/politik\/wp-content\/uploads\/sites\/2\/2015\/04\/smartspider_hansuelivogt-287x300.png 287w, https:\/\/hansuelivogt.ch\/politik\/wp-content\/uploads\/sites\/2\/2015\/04\/smartspider_hansuelivogt.png 450w\" sizes=\"auto, (max-width: 287px) 100vw, 287px\" \/><\/a>\n\t\t\t<\/dt><\/dl><br style=\"clear: both\" \/>\n\t\t<\/div>\n\n<h2>Schweiz<\/h2>\n<div class=\"article-teaser\">19. August 2015: <a href=\"https:\/\/hansuelivogt.ch\/politik\/werkplatz-und-wirtschaftsstandort-schweiz-sichern\/\">Werkplatz und Wirtschaftsstandort Schweiz sichern<\/a><\/div><div class=\"article-teaser\">1. August 2015: <a href=\"https:\/\/hansuelivogt.ch\/politik\/ansprache-zum-1-august\/\">Ansprache zum 1. August<\/a><\/div><div class=\"article-teaser\">22. Februar 2011: <a href=\"https:\/\/hansuelivogt.ch\/politik\/nzz-die-schweiz-ein-demokratischer-musterstaat\/\">NZZ: Die Schweiz \u2013 ein demokratischer Musterstaat<\/a><\/div>\n<h2>Freiheitliche Wirtschaftsordnung<\/h2>\n<div class=\"article-teaser\">19. August 2015: <a href=\"https:\/\/hansuelivogt.ch\/politik\/werkplatz-und-wirtschaftsstandort-schweiz-sichern\/\">Werkplatz und Wirtschaftsstandort Schweiz sichern<\/a><\/div><div class=\"article-teaser\">13. April 2015: <a href=\"https:\/\/hansuelivogt.ch\/politik\/nzz-verteidigung-der-freiheitlichen-wirtschaftsordnung\/\">NZZ: Verteidigung der freiheitlichen Wirtschaftsordnung<\/a><\/div>\n<h2>Selbstbestimmungsinitiative<\/h2>\n<p>&#8222;Schweizer Recht statt fremde Richter&#8220;<\/p>\n<p><a href=\"http:\/\/www.selbstbestimmungsinitiative.ch\"><img loading=\"lazy\" decoding=\"async\" class=\"alignleft size-medium wp-image-2021\" src=\"http:\/\/hans-ueli-vogt.ch\/politik\/wp-content\/uploads\/sites\/2\/2015\/05\/slide_selbstbestimmung-klein-d-230x300.jpg\" alt=\"slide_selbstbestimmung-klein-d\" width=\"230\" height=\"300\" \/><\/a><\/p>\n<div class=\"article-teaser\">23. Mai 2018: <a href=\"https:\/\/hansuelivogt.ch\/politik\/die-krux-mit-dem-voelkerrecht\/\">Die Krux mit dem V\u00f6lkerrecht<\/a><\/div><div class=\"article-teaser\">13. M\u00e4rz 2018: <a href=\"https:\/\/hansuelivogt.ch\/politik\/echo-der-zeit-der-untypische-svpler\/\">Echo der Zeit: Der \u00abuntypische SVPler\u00bb<\/a><\/div><div class=\"article-teaser\">13. M\u00e4rz 2018: <a href=\"https:\/\/hansuelivogt.ch\/politik\/watson-der-einsame-svpler-ein-vogt-kaempft-gegen-die-fremden-richter\/\">Watson: Der einsame SVPler: Ein Vogt k\u00e4mpft gegen die fremden Richter<\/a><\/div>\n<p><a href=\"https:\/\/hansuelivogt.ch\/politik\/category\/schweiz\/verhaltnis-landesrecht-voelkerrecht\/\">-&gt; Weitere Artikel zum Thema<\/a><\/p>\n<div style=\"clear: both\"><\/div>\n<h2>Volksinitiative &#8222;gegen Masseneinwanderung&#8220;<\/h2>\n<div class=\"article-teaser\">1. Juni 2015: <a href=\"https:\/\/hansuelivogt.ch\/politik\/baz-standpunkte-am-volk-vorbei\/\">Baz-Standpunkte: Am Volk vorbei?<\/a><\/div><div class=\"article-teaser\">24. Januar 2014: <a href=\"https:\/\/hansuelivogt.ch\/politik\/steuerung-der-zuwanderung-als-staatsaufgabe-teil-2\/\">Steuerung der Zuwanderung als Staatsaufgabe \u2013 Teil 2<\/a><\/div><div class=\"article-teaser\">17. Januar 2014: <a href=\"https:\/\/hansuelivogt.ch\/politik\/steuerung-der-zuwanderung-als-staatsaufgabe\/\">Steuerung der Zuwanderung als Staatsaufgabe<\/a><\/div>\n<h2>Aktienrecht<\/h2>\n<div class=\"article-teaser\">14. Mai 2018: <a href=\"https:\/\/hansuelivogt.ch\/politik\/tagesanzeiger-herr-vogt-macht-ein-gesetz\/\">TagesAnzeiger: Herr Vogt macht ein Gesetz<\/a><\/div><div class=\"article-teaser\">20. Januar 2015: <a href=\"https:\/\/hansuelivogt.ch\/politik\/freiheit-und-zwang-im-aktienrecht\/\">Freiheit und Zwang im Aktienrecht<\/a><\/div><div class=\"article-teaser\">16. Januar 2014: <a href=\"https:\/\/hansuelivogt.ch\/politik\/19-public-affairs-management-und-corporate-governance\/\">19 Public-Affairs-Management und  Corporate Governance<\/a><\/div>\n<h2>Volksinitiative &#8222;Ja zum Schutz der Privatsph\u00e4re&#8220;<\/h2>\n<p><a href=\"http:\/\/www.privatsphaere-schuetzen.ch\/index.html\"><img loading=\"lazy\" decoding=\"async\" class=\"alignleft size-full wp-image-2023\" src=\"http:\/\/hans-ueli-vogt.ch\/politik\/wp-content\/uploads\/sites\/2\/2015\/05\/privatsphaere-initiative.jpg\" alt=\"privatsphaere-initiative\" width=\"160\" height=\"227\" \/><\/a><div class=\"article-teaser\">13. Dezember 2016: <a href=\"https:\/\/hansuelivogt.ch\/politik\/votum-im-nationalrat-volksinitiative-ja-zum-schutz-der-privatsphaere\/\">Votum im Nationalrat: Volksinitiative Ja zum Schutz der Privatsph\u00e4re<\/a><\/div><div class=\"article-teaser\">5. Juni 2013: <a href=\"https:\/\/hansuelivogt.ch\/politik\/nzz-schutz-der-privatsphaere-vor-dem-totalen-steuerstaat\/\">NZZ: Schutz der Privatsph\u00e4re vor dem totalen Steuerstaat<\/a><\/div>\n<div style=\"clear: both\"><\/div>\n<h2>Volksinitiative &#8222;Staatsvertr\u00e4ge vors Volk&#8220;<\/h2>\n<p>(Abstimmung vom 17. Juni 2012)<\/p>\n<div class=\"article-teaser\">21. August 2013: <a href=\"https:\/\/hansuelivogt.ch\/politik\/schweizerzeit-magazin-vom-20-april-2012-bedrohen-staatsvertrage-die-direkte-demokratie-video\/\">Schweizerzeit-Magazin vom 20. April 2012: &#8222;Bedrohen Staatsvertr\u00e4ge die direkte Demokratie?&#8220; (Video)<\/a><\/div><div class=\"article-teaser\">21. August 2013: <a href=\"https:\/\/hansuelivogt.ch\/politik\/beitrag-fur-mehr-demokratie-in-der-aussenpolitik-in-der-zurcher-bote-vom-8-juni-2012\/\">Beitrag &#8222;F\u00fcr mehr Demokratie in der Aussenpolitik&#8220;, in: Der Z\u00fcrcher Bote vom 8. Juni 2012<\/a><\/div><div class=\"article-teaser\">1. Juni 2012: <a href=\"https:\/\/hansuelivogt.ch\/politik\/offentliche-veranstaltung-managed-care-und-staatsvertrage-vors-volk\/\">\u00d6ffentliche Veranstaltung &#8222;Managed Care und Staatsvertr\u00e4ge vors Volk&#8220; am 11. Juni 2012<\/a><\/div>\n","protected":false},"excerpt":{"rendered":"<p>Werte Ich setze mich f\u00fcr die Werte ein, die unser Land stark gemacht haben: f\u00fcr Freiheit und Eigenverantwortung, denn sie sind die Grundlagen unseres Wirtschaftssystems und Wohlstandes, aber auch des Lebensgl\u00fccks jedes Einzelnen, f\u00fcr die direkte Demokratie, weil sie garantiert, dass der Staat nie zum Selbstzweck wird, sondern immer nur seinen B\u00fcrgern dient, f\u00fcr eine [&hellip;]<\/p>\n","protected":false},"author":1,"featured_media":0,"parent":0,"menu_order":0,"comment_status":"closed","ping_status":"closed","template":"_g2\/page-onecolumn.php","meta":{"_lightning_design_setting":[],"footnotes":""},"class_list":["post-56","page","type-page","status-publish","hentry"],"_links":{"self":[{"href":"https:\/\/hansuelivogt.ch\/politik\/wp-json\/wp\/v2\/pages\/56","targetHints":{"allow":["GET"]}}],"collection":[{"href":"https:\/\/hansuelivogt.ch\/politik\/wp-json\/wp\/v2\/pages"}],"about":[{"href":"https:\/\/hansuelivogt.ch\/politik\/wp-json\/wp\/v2\/types\/page"}],"author":[{"embeddable":true,"href":"https:\/\/hansuelivogt.ch\/politik\/wp-json\/wp\/v2\/users\/1"}],"replies":[{"embeddable":true,"href":"https:\/\/hansuelivogt.ch\/politik\/wp-json\/wp\/v2\/comments?post=56"}],"version-history":[{"count":10,"href":"https:\/\/hansuelivogt.ch\/politik\/wp-json\/wp\/v2\/pages\/56\/revisions"}],"predecessor-version":[{"id":3839,"href":"https:\/\/hansuelivogt.ch\/politik\/wp-json\/wp\/v2\/pages\/56\/revisions\/3839"}],"wp:attachment":[{"href":"https:\/\/hansuelivogt.ch\/politik\/wp-json\/wp\/v2\/media?parent=56"}],"curies":[{"name":"wp","href":"https:\/\/api.w.org\/{rel}","templated":true}]}}

<h2>Werte</h2>
<p>Ich setze mich für die Werte ein, die unser Land stark gemacht haben:</p>
<ul>
<li>für Freiheit und Eigenverantwortung, denn sie sind die Grundlagen unseres Wirtschaftssystems und Wohlstandes, aber auch des Lebensglücks jedes Einzelnen,</li>
<li>für die direkte Demokratie, weil sie garantiert, dass der Staat nie zum Selbstzweck wird, sondern immer nur seinen Bürgern dient,</li>
<li>für eine souveräne, weltoffene Schweiz, die selbstbewusst mit anderen Staaten zusammenarbeitet und dank ihrer Unabhängigkeit und Neutralität geachtet wird,</li>
<li>für den Föderalismus, weil in überschaubaren Verhältnissen Probleme besser gelöst werden und der Wettbewerb der Systeme, nicht eine allmächtige Zentralverwaltung, die beste Ordnung hervorbringt.</li>
</ul>
<h2>Positionen</h2>
<ul>
<li><a href="https://hansuelivogt.ch/politik/wp-content/uploads/sites/2/2015/04/Wirtschaftspolitische-Positionen-HUV.pdf" target="_blank" rel="noopener">Positionen zu wirtschaftspolitischen Fragen (PDF)</a></li>
<li>Profile auf <a href="http://www.vimentis.ch/hans-ueli_vogt/" target="_blank" rel="noopener">vimentis.ch</a>, <a href="http://www.smartvote.ch/11_ch_nr/portrait/candidate/index/200031495?lang=de_CH" target="_blank" rel="noopener">smartvote.ch</a>, <a href="http://www.kandidatenverzeichnis.ch/de/kanton/zuerich-zh.html?sobi2Task=sobi2Details&amp;catid=23&amp;sobi2Id=368" target="_blank" rel="noopener">kandidatenverzeichnis.ch</a> und <a title="wahlen.ch" href="http://www.wahlen.ch/new/index.php?sid=89686a554a3d08d39fe01c93cf777d19&amp;item=./person/detail&amp;person=106027&amp;detail=pp" target="_blank" rel="noopener">wahlen.ch</a></li>
<li>Politisches Profil gemäss Smartspider (vimentis und smartvote):</li>
</ul>

		<style>
			#gallery-1 {
				margin: auto;
			}
			#gallery-1 .gallery-item {
				float: left;
				margin-top: 10px;
				text-align: center;
				width: 50%;
			}
			#gallery-1 img {
				border: 2px solid #cfcfcf;
			}
			#gallery-1 .gallery-caption {
				margin-left: 0;
			}
			/* see gallery_shortcode() in wp-includes/media.php */
		</style>
		<div id='gallery-1' class='gallery galleryid-56 gallery-columns-2 gallery-size-medium'><dl class='gallery-item'>
			<dt class='gallery-icon landscape'>
				<a href='https://hansuelivogt.ch/politik/wp-content/uploads/sites/2/2015/04/vimentis_hans_ueli_vogt.png'><img loading="lazy" decoding="async" width="300" height="300" src="https://hansuelivogt.ch/politik/wp-content/uploads/sites/2/2015/04/vimentis_hans_ueli_vogt-300x300.png" class="attachment-medium size-medium" alt="" srcset="https://hansuelivogt.ch/politik/wp-content/uploads/sites/2/2015/04/vimentis_hans_ueli_vogt-300x300.png 300w, https://hansuelivogt.ch/politik/wp-content/uploads/sites/2/2015/04/vimentis_hans_ueli_vogt-150x150.png 150w, https://hansuelivogt.ch/politik/wp-content/uploads/sites/2/2015/04/vimentis_hans_ueli_vogt-1024x1024.png 1024w" sizes="auto, (max-width: 300px) 100vw, 300px" /></a>
			</dt></dl><dl class='gallery-item'>
			<dt class='gallery-icon portrait'>
				<a href='https://hansuelivogt.ch/politik/wp-content/uploads/sites/2/2015/04/smartspider_hansuelivogt.png'><img loading="lazy" decoding="async" width="287" height="300" src="https://hansuelivogt.ch/politik/wp-content/uploads/sites/2/2015/04/smartspider_hansuelivogt-287x300.png" class="attachment-medium size-medium" alt="" srcset="https://hansuelivogt.ch/politik/wp-content/uploads/sites/2/2015/04/smartspider_hansuelivogt-287x300.png 287w, https://hansuelivogt.ch/politik/wp-content/uploads/sites/2/2015/04/smartspider_hansuelivogt.png 450w" sizes="auto, (max-width: 287px) 100vw, 287px" /></a>
			</dt></dl><br style="clear: both" />
		</div>

<h2>Schweiz</h2>
<div class="article-teaser">19. August 2015: <a href="https://hansuelivogt.ch/politik/werkplatz-und-wirtschaftsstandort-schweiz-sichern/">Werkplatz und Wirtschaftsstandort Schweiz sichern</a></div><div class="article-teaser">1. August 2015: <a href="https://hansuelivogt.ch/politik/ansprache-zum-1-august/">Ansprache zum 1. August</a></div><div class="article-teaser">22. Februar 2011: <a href="https://hansuelivogt.ch/politik/nzz-die-schweiz-ein-demokratischer-musterstaat/">NZZ: Die Schweiz – ein demokratischer Musterstaat</a></div>
<h2>Freiheitliche Wirtschaftsordnung</h2>
<div class="article-teaser">19. August 2015: <a href="https://hansuelivogt.ch/politik/werkplatz-und-wirtschaftsstandort-schweiz-sichern/">Werkplatz und Wirtschaftsstandort Schweiz sichern</a></div><div class="article-teaser">13. April 2015: <a href="https://hansuelivogt.ch/politik/nzz-verteidigung-der-freiheitlichen-wirtschaftsordnung/">NZZ: Verteidigung der freiheitlichen Wirtschaftsordnung</a></div>
<h2>Selbstbestimmungsinitiative</h2>
<p>&#8222;Schweizer Recht statt fremde Richter&#8220;</p>
<p><a href="http://www.selbstbestimmungsinitiative.ch"><img loading="lazy" decoding="async" class="alignleft size-medium wp-image-2021" src="http://hans-ueli-vogt.ch/politik/wp-content/uploads/sites/2/2015/05/slide_selbstbestimmung-klein-d-230x300.jpg" alt="slide_selbstbestimmung-klein-d" width="230" height="300" /></a></p>
<div class="article-teaser">23. Mai 2018: <a href="https://hansuelivogt.ch/politik/die-krux-mit-dem-voelkerrecht/">Die Krux mit dem Völkerrecht</a></div><div class="article-teaser">13. März 2018: <a href="https://hansuelivogt.ch/politik/echo-der-zeit-der-untypische-svpler/">Echo der Zeit: Der «untypische SVPler»</a></div><div class="article-teaser">13. März 2018: <a href="https://hansuelivogt.ch/politik/watson-der-einsame-svpler-ein-vogt-kaempft-gegen-die-fremden-richter/">Watson: Der einsame SVPler: Ein Vogt kämpft gegen die fremden Richter</a></div>
<p><a href="https://hansuelivogt.ch/politik/category/schweiz/verhaltnis-landesrecht-voelkerrecht/">-&gt; Weitere Artikel zum Thema</a></p>
<div style="clear: both"></div>
<h2>Volksinitiative &#8222;gegen Masseneinwanderung&#8220;</h2>
<div class="article-teaser">1. Juni 2015: <a href="https://hansuelivogt.ch/politik/baz-standpunkte-am-volk-vorbei/">Baz-Standpunkte: Am Volk vorbei?</a></div><div class="article-teaser">24. Januar 2014: <a href="https://hansuelivogt.ch/politik/steuerung-der-zuwanderung-als-staatsaufgabe-teil-2/">Steuerung der Zuwanderung als Staatsaufgabe – Teil 2</a></div><div class="article-teaser">17. Januar 2014: <a href="https://hansuelivogt.ch/politik/steuerung-der-zuwanderung-als-staatsaufgabe/">Steuerung der Zuwanderung als Staatsaufgabe</a></div>
<h2>Aktienrecht</h2>
<div class="article-teaser">14. Mai 2018: <a href="https://hansuelivogt.ch/politik/tagesanzeiger-herr-vogt-macht-ein-gesetz/">TagesAnzeiger: Herr Vogt macht ein Gesetz</a></div><div class="article-teaser">20. Januar 2015: <a href="https://hansuelivogt.ch/politik/freiheit-und-zwang-im-aktienrecht/">Freiheit und Zwang im Aktienrecht</a></div><div class="article-teaser">16. Januar 2014: <a href="https://hansuelivogt.ch/politik/19-public-affairs-management-und-corporate-governance/">19 Public-Affairs-Management und  Corporate Governance</a></div>
<h2>Volksinitiative &#8222;Ja zum Schutz der Privatsphäre&#8220;</h2>
<p><a href="http://www.privatsphaere-schuetzen.ch/index.html"><img loading="lazy" decoding="async" class="alignleft size-full wp-image-2023" src="http://hans-ueli-vogt.ch/politik/wp-content/uploads/sites/2/2015/05/privatsphaere-initiative.jpg" alt="privatsphaere-initiative" width="160" height="227" /></a><div class="article-teaser">13. Dezember 2016: <a href="https://hansuelivogt.ch/politik/votum-im-nationalrat-volksinitiative-ja-zum-schutz-der-privatsphaere/">Votum im Nationalrat: Volksinitiative Ja zum Schutz der Privatsphäre</a></div><div class="article-teaser">5. Juni 2013: <a href="https://hansuelivogt.ch/politik/nzz-schutz-der-privatsphaere-vor-dem-totalen-steuerstaat/">NZZ: Schutz der Privatsphäre vor dem totalen Steuerstaat</a></div>
<div style="clear: both"></div>
<h2>Volksinitiative &#8222;Staatsverträge vors Volk&#8220;</h2>
<p>(Abstimmung vom 17. Juni 2012)</p>
<div class="article-teaser">21. August 2013: <a href="https://hansuelivogt.ch/politik/schweizerzeit-magazin-vom-20-april-2012-bedrohen-staatsvertrage-die-direkte-demokratie-video/">Schweizerzeit-Magazin vom 20. April 2012: &#8222;Bedrohen Staatsverträge die direkte Demokratie?&#8220; (Video)</a></div><div class="article-teaser">21. August 2013: <a href="https://hansuelivogt.ch/politik/beitrag-fur-mehr-demokratie-in-der-aussenpolitik-in-der-zurcher-bote-vom-8-juni-2012/">Beitrag &#8222;Für mehr Demokratie in der Aussenpolitik&#8220;, in: Der Zürcher Bote vom 8. Juni 2012</a></div><div class="article-teaser">1. Juni 2012: <a href="https://hansuelivogt.ch/politik/offentliche-veranstaltung-managed-care-und-staatsvertrage-vors-volk/">Öffentliche Veranstaltung &#8222;Managed Care und Staatsverträge vors Volk&#8220; am 11. Juni 2012</a></div>

<p>Werte Ich setze mich für die Werte ein, die unser Land stark gemacht haben: für Freiheit und Eigenverantwortung, denn sie sind die Grundlagen unseres Wirtschaftssystems und Wohlstandes, aber auch des Lebensglücks jedes Einzelnen, für die direkte Demokratie, weil sie garantiert, dass der Staat nie zum Selbstzweck wird, sondern immer nur seinen Bürgern dient, für eine [&hellip;]</p>
